
7
Suppose 2*m - 12 = 4. Let s = 17 + m. Suppose -2*l - l + 2*g = -15, -5*l = 5*g - s. What is the units digit of l?
5
Let t be 0/3 + (2 - 1). What is the tens digit of 1/t - (7 + -21)?
1
Suppose 5*k - 2*k = 0. Suppose k = 2*m + m - 87. What is the units digit of m?
9
Let d(n) = n - 5. Let k be d(8). Suppose t = k*t - 12. What is the units digit of (2/2)/(3/t)?
2
Let w be -5 - (-2)/1 - -44. Suppose 3*l + 2*l + f = 44, 5*l + 4*f = w. What is the units digit of l?
9
Let z(c) = c**2 - c + 1. Let k be z(1). Let o be -2 - (12/(-3) + k). Let x(g) = 8*g - 1. What is the units digit of x(o)?
7
Let r = 9 + -6. Suppose 2*m - 5*g = -25, r*g = 4*m + 53 - 10. What is the units digit of 2 - m - 2 - 1?
9
Suppose 0 = -p + 108 - 8. What is the hundreds digit of p?
1
Suppose v - 1 = 5. Let o be v/(-3)*(-7)/(-2). Let q = -3 - o. What is the units digit of q?
4
Let c be (-12)/54 - (-38)/9. Suppose 0 = c*q - 21 - 19. What is the units digit of q?
0
Suppose -2*p = 2*p - 16. Suppose b = c - 7 - 19, p*b = 3*c - 108. What is the units digit of 20/(-6)*b/5?
0
Let x(l) = -3*l + 40. What is the tens digit of x(-22)?
0
Let d(t) = t**3 + 10*t**2 + 9*t - 9. What is the tens digit of d(-7)?
7
Suppose 643 = 5*l - 14*a + 15*a, -l + 116 = -4*a. What is the units digit of l?
8
Let n(o) = o**2 + 1. Suppose -3*g + 15 = -4*t, 3*g = -t - 0*g. What is the tens digit of n(t)?
1
Let u = -2 - -5. Suppose -y + 60 = 4*a, y = -5*a - u*y + 75. What is the tens digit of a?
1
Let v = 33 + -15. Let u = -4 + v. What is the tens digit of u?
1
Let b = 20 + -39. Let c = b + 34. What is the units digit of c?
5
Suppose 2*b + 2*b = -188. Let m = b - -73. What is the units digit of m?
6
Let n(l) = 4*l - 1. What is the units digit of n(8)?
1
Suppose 1 = 2*q - q. Let f be -4 + 5 + q + 1. Suppose 2*j - f*j + 10 = 0. What is the tens digit of j?
1
Suppose -148 = -3*t - m, -3*t + 42 + 109 = 4*m. What is the units digit of t?
9
Let k = -6 + 1. Let h(u) = -u**2 - 8*u + 6. What is the units digit of h(k)?
1
Suppose -5*n - 2*s + 905 = 0, -2*n + 2*s + 169 = -n. What is the units digit of n?
9
Let d(j) = 66*j**2 + 3*j + 6. What is the units digit of d(-2)?
4
Suppose 5*h + 4 = -6. Let r be (0 + 6/3)/h. What is the units digit of ((-24)/9)/(r/3)?
8
Let v(q) = q**2 + 5*q + 2. Let u be v(-5). What is the units digit of u + -2 + (23 - -2)?
5
Let f = -1 + 6. Suppose -w = 4*p - 9, 4 = -p + f*w + 1. What is the units digit of p?
2
Suppose 9*l - 14*l = -630. What is the units digit of l?
6
Suppose o = -2*o + 810. What is the tens digit of o?
7
Let r(g) be the third derivative of -g**5/60 + g**4/3 - 2*g**3/3 - g**2. Suppose -3*s - 10 = -28. What is the units digit of r(s)?
8
Let h(t) = 9*t**2 - t - 1. Let p(b) = 26*b**2 - 3*b - 3. Let j(a) = -8*h(a) + 3*p(a). What is the units digit of j(-2)?
5
Let d be -1*(-1 + 4)*1. Let j be (-2 - -2)*(-3)/d. Let q(x) = -x**2 + x + 1. What is the units digit of q(j)?
1
Let m = 6 - 0. Let o = m + 0. What is the units digit of o?
6
Let b = 14 - 9. Suppose -2*c + 35 = b. What is the tens digit of c?
1
Suppose -2 = -4*d + 2. What is the units digit of (6 + (-2 - -5))/d?
9
Let q(x) = -x**2 - x - 2. Let r be q(0). Let a = r - -4. What is the units digit of a?
2
Let d = -9 - -17. Suppose 5*j - 16 = -f, -17 = -3*j - j - 5*f. Let l = d + j. What is the units digit of l?
1
Let q = 33 + -5. What is the units digit of q?
8
Suppose -h + 704 = 3*h. What is the tens digit of h?
7
Let r(k) = k + 127. What is the hundreds digit of r(0)?
1
Let j(o) = -110*o + 3. What is the tens digit of j(-1)?
1
Suppose -4*v + v + 63 = 0. What is the tens digit of v?
2
Suppose -3*t = 0, -28 = -s + 4*t + 15. What is the units digit of s?
3
Let w(a) be the first derivative of -a**4/2 + a**2 - 2*a - 1. Let k be w(-3). Let c = k - 31. What is the tens digit of c?
1
Let a(s) = -16*s - 1. Let m be a(1). What is the units digit of -1 - (4 - 3) - m?
5
Let j = 10 - 6. Suppose 2*u + 8 = 6*u. Let b = j - u. What is the units digit of b?
2
Let r(x) = -20*x - 11. What is the units digit of r(-5)?
9
Let w(c) = -2*c + 5. Let u(p) = p - 3. Let d(f) = -7*u(f) - 4*w(f). Let g be d(-1). Suppose 6*z - z - 25 = g. What is the units digit of z?
5
Let q be 22 - (-1 - (0 + -2)). Suppose q + 11 = o. Suppose o = 5*p - 13. What is the units digit of p?
9
Suppose -3*v = -12, 2*z - 494 = 5*v - 10. What is the tens digit of z?
5
Let k(q) = -q**2 + 2*q + 7. What is the units digit of k(3)?
4
Let j(u) = u**2 - 12*u + 13. Let a be j(11). Suppose 4*n + 3*c + 2*c = 108, 4*n + a*c = 96. What is the units digit of n?
2
What is the units digit of 135 + -3 + -2 + 1?
1
Let s = 109 - 70. What is the units digit of s?
9
Let a = -1 - 2. Let w be (-18)/a - (-1 - -2). Suppose -w = -2*g + 1. What is the units digit of g?
3
Let w(u) = 2*u**2 - 7*u + 1. Let t be ((-40)/(-12))/(2/3). Let q be w(t). Suppose -n = n - q. What is the units digit of n?
8
Suppose 4*b - 48 = 188. What is the tens digit of b?
5
Suppose 2*p = 5*c + 400, 5*c = 3 + 17. What is the units digit of p?
0
Suppose -5*w + 199 = -26. What is the tens digit of w?
4
Let s be (-1 - 7) + 2 + -2. What is the units digit of 0 - (-36)/s*-6?
7
Suppose -4*x + x + 24 = 3*m, -2*x + 31 = 5*m. Suppose -m*y + 19 + 21 = 0. What is the units digit of y?
8
Let g(l) = -6*l + 4. Let y be g(4). Let d = 33 + y. What is the tens digit of d?
1
Let c be (-3)/3*(-6)/2. Suppose 15 = -c*w, i - 2*i = 4*w + 17. Suppose 4*y = 2*a, -i = -y + 1. What is the units digit of a?
8
Let f = 7 + -10. Let r be 3 + (f/3 - -3). Let k = r + -4. What is the units digit of k?
1
Let k(s) = 4 - 3*s**2 + 0*s**2 - s**3 - 6*s + 4*s**2 + 7*s**2. What is the units digit of k(7)?
1
Let v = -11 + 7. What is the units digit of -1*v/(-10)*-25?
0
Let m(z) = -z**2 - 10*z - 9. Suppose 3*q + 0*q = -18. What is the units digit of m(q)?
5
Suppose 0 = -0*j - 4*j + 88. Let b(r) = -r**2 - 5*r - 8. Let c be b(-6). Let a = j + c. What is the units digit of a?
8
Let t(n) = n**3 - n - 1. Let q be t(0). Let d be -6*q/2 - 1. Suppose d*x + 6 = 4*x. What is the units digit of x?
3
Suppose -4*o - 8 = -q + 24, -4*o - 48 = 3*q. Let g = 1 + o. Let z = g - -19. What is the units digit of z?
1
Let a(k) = 0*k**2 - 7*k + 5*k - 1 + 12*k**2. Suppose -4*q - 10 = -2*c, -3*q - c = -0*q. What is the tens digit of a(q)?
1
Let z(b) = -b**2 - 10*b + 11. Let u be z(-11). Suppose 2*h + 2*h - 16 = u. What is the units digit of h?
4
Let p(k) = k**3 - k**2 + k + 9. Let s be -2 + 0 + 0 + 2. What is the units digit of p(s)?
9
Suppose 4*d = 6 + 10. What is the units digit of d/(-2 + 5/2)?
8
Let f(z) = z**3 + 6*z**2 + 6*z + 1. Let n be f(-4). Let m be 4/18 - 83/n. What is the units digit of 3*((-168)/m)/4?
4
Let w = 19 + -5. Suppose -5*y - 2*o + 7 = 0, -4*y = -2*y - 2*o - w. What is the units digit of y?
3
Let g(b) = -b**2 + 7*b - 1. Suppose -5*y + 3 + 7 = 0. Suppose 2*u = 2, -7 - 7 = -3*q - y*u. What is the tens digit of g(q)?
1
Suppose 0*m - 5*m = 4*n + 40, -m - 8 = -5*n. Let v = m - -16. What is the units digit of v?
8
Let d = 3 - 8. Let s be ((-2)/d)/(3/15). Let k(a) = 2*a - 2. What is the units digit of k(s)?
2
Let x(p) be the third derivative of p**6/120 - p**5/12 + p**4/12 + p**3/6 - p**2. What is the tens digit of x(5)?
1
Let g(o) = 25*o**3 - o. Let y be g(-1). Let c be (5/10)/(2/y). What is the units digit of (-3 - c) + (-1 - -2)?
4
Let i(j) = -j - 5. Let y be i(-6). Suppose 1 = -5*u - r, 5*u - r - y = -0*r. What is the units digit of (2 - u) + 2 + -1?
3
Let s be (2 + -1)*3 + -10. Let c(t) = t**3 + t - 5. Let z be c(0). Let k = z - s. What is the units digit of k?
2
Let d(f) = -2*f**3 + 17*f**2 - f - 1. Let r(m) = m**3 - 8*m**2 + m. Let a(h) = -2*d(h) - 5*r(h). What is the tens digit of a(4)?
2
Let j = 141 - 82. What is the tens digit of j?
5
Let u = -1 - -10. Let f(w) = 5*w**2 + 12*w - 12. Let c(b) = 11*b**2 + 25*b - 25. Let v(k) = u*f(k) - 4*c(k). What is the units digit of v(-9)?
1
Suppose -4*z + 165 = z. What is the units digit of z?
3
Let m = 312 + -167. What is the tens digit of m?
4
Let n(o) = o**2 + 4*o - 4. Let l be n(-4). What is the units digit of (33/l)/(9/(-24))?
2
What is the units digit of (-1101)/(-5) - 2/10*1?
0
Let a(h) = 22 + 1 - 6*h - 2*h**2 + 3*h**2 - 6. What is the units digit of a(8)?
3
Let y(v) = -2*v + 2. Let p be y(-5). Let z = 25 - 21. Suppose -z*c + 44 + p = 